 derivative of y**4/3 - 2*y**3/3 + y**2 - 2*y. Calculate the remainder when 28 is divided by p(2).
8
Let f(q) = 20*q - 10. Let s(u) = 4*u - 2. Let c(b) = -3*f(b) + 14*s(b). What is the remainder when 39 is divided by c(-2)?
9
Let u = 96 - -22. What is the remainder when u is divided by 30?
28
Let j = 42 - 24. What is the remainder when (-16)/40 + (-704)/(-10) is divided by j?
16
Let r(s) = -2 - 2 + 6*s - 7. What is the remainder when r(8) is divided by 19?
18
Let a(u) = -u**3 - u**2 - u + 1. Let h be a(0). Let m(c) = 4 + 5*c + h + 0. What is the remainder when m(6) is divided by 18?
17
Let o = 21 + -7. What is the remainder when 68 is divided by o?
12
Let a(q) = -q**2 + 8*q - 7. Let w be a(7). Suppose v - 2*f + 6 = -w*f, 0 = -5*f + 20. What is the remainder when 7 is divided by v?
1
Let w = 76 + -23. What is the remainder when w is divided by -4*(-3 + (-9)/6)?
17
Let o = -2 - -11. Calculate the remainder when 24 is divided by o.
6
Suppose -40 = -8*z + 3*z. Let s = 11 - z. Let x(q) = 3*q. Calculate the remainder when 25 is divided by x(s).
7
Suppose 6 = -4*a + 22. Calculate the remainder when (24/42)/(2/91) is divided by 37/a - 2/8.
8
Suppose 4*w - 4 = 0, -2*r + 4*w + 9 - 3 = 0. Let b = 14 + r. Calculate the remainder when b is divided by 7.
5
Let z(l) = 62*l**2 - 2*l + 1. Let p be z(2). Suppose 4*d + p = -5*a, 2*a = 2*d - 40 - 40. Let f = -23 - a. Calculate the remainder when f is divided by 12.
10
Suppose 2*z - 3*z = 41. Let n = z - -80. Calculate the remainder when n is divided by 14.
11
Let j = 56 + -45. Let t(u) = -53*u**3. Calculate the remainder when t(-1) is divided by j.
9
Let o = 12 + -7. Calculate the remainder when 14 is divided by o.
4
Suppose 7 = -2*k + 1. Let h(l) = -3*l + 3. Calculate the remainder when 45 is divided by h(k).
9
Let p(b) = b + 2. Let h = 13 + -2. Calculate the remainder when h is divided by p(4).
5
Suppose -2*p + 0 = -40. Calculate the remainder when p is divided by 7.
6
Calculate the remainder when 23 is divided by 9/((-18)/(-8)) + 9.
10
Suppose 4*k - 402 = 2*v, 14 - 293 = -3*k - 3*v. What is the remainder when k is divided by 25?
23
Let k = 35 + -18. What is the remainder when 32 is divided by k?
15
Suppose -344 = -3*n + 5*y, 5*n = y + 95 + 471. Calculate the remainder when n is divided by 29.
26
Let h(a) = -a**3 - 5*a**2 + 5*a + 14. Calculate the remainder when 55 is divided by h(-6).
15
Suppose 4*n - 4 = -4*y, 6*n = 2*n + 2*y + 34. Let t(x) = -x**2 + 8*x - 8. Calculate the remainder when 7 is divided by t(n).
3
Suppose 3*c - 6*c = -108. Let t be ((-1)/(-2))/(3/48). Suppose t - 60 = -4*q. What is the remainder when c is divided by q?
10
Let y(v) = -30*v + 5. Calculate the remainder when y(-1) is divided by 6.
5
Suppose -4*v - 212 = -5*t, 5*t - 6*v = -4*v + 206. What is the remainder when 239 is divided by t?
39
Let t be 4/(-10) - 8/(-20). Let o(g) = g**2 + g + 2. Let i be o(t). Suppose -3 = -3*h + i*h. What is the remainder when 4 is divided by h?
1
Suppose -m + 2 = -0*m + 5*d, -2*m - 2*d = -28. Calculate the remainder when 64 is divided by m.
13
Let v = 7 - 2. Suppose 4*u - 4 = 4*z, -v*u - 7*z = -2*z - 35. Suppose -2*c = k + 2*k - 22, -16 = -c - u*k. Calculate the remainder when c is divided by 5.
3
Let z = -19 - -26. What is the remainder when 26 is divided by z?
5
Suppose -38 - 12 = -5*s. Let h(c) = -c**3 - 2*c**2 + 2*c + 4. Calculate the remainder when h(-4) is divided by s.
8
Let c = 22 - 13. Calculate the remainder when (-18)/(-27) + 254/6 is divided by (66/(-9))/((-3)/c).
21
Suppose -2*w - 54 = -0*w + 5*n, -5*w = n + 112. What is the remainder when 1 - w - (-2)/(-2) is divided by 8?
6
Suppose -104 = -4*w - 5*o + 3, -5*w + 144 = -4*o. Let f(g) = -g**3 + 6*g**2 - 3*g. Calculate the remainder when w is divided by f(2).
8
Let r(g) be the second derivative of 13*g**3/6 - g**2/2 - 2*g. What is the remainder when r(3) is divided by 20?
18
Let k = 19 - 15. Suppose m - 35 = 5*r + 15, -k*r = m - 23. Calculate the remainder when m is divided by 19.
16
Suppose -4*r - 4 = -20. What is the remainder when (6/9)/(r/18) is divided by 2?
1
Let f(o) = 0*o**3 + 2*o**3 - o**3 - 7 + 6*o**2 + 0*o + o. Let i be 24/(-5) - 2/10. What is the remainder when 24 is divided by f(i)?
11
Let x = 10 - 8. Suppose 0 = -4*z - 14 + 34. What is the remainder when z is divided by x?
1
Suppose -n = 4*v - 7, 2*v - 52 = -5*n - v. What is the remainder when n is divided by 10?
1
Let a = 109 + -103. What is the remainder when ((-34)/(-6))/(3/9) is divided by a?
5
Let h(u) = -u**3 + u + 1. Suppose -4*i - 2*a = -5*a + 32, 4*a - 31 = 3*i. Let l = i - -7. Calculate the remainder when l is divided by h(0).
0
Suppose -4*t - 1 = -9. Let p be t/(-6) + (-78)/9. Let s = p - -16. What is the remainder when 11 is divided by s?
4
Suppose d - 7 = -2*v + 16, 3 = d - 3*v. Let f = d - 8. Calculate the remainder when f is divided by 3.
1
Let t(s) = 2*s**2 + 3*s + 1. Let p be t(-3). What is the remainder when 222/p + (-4)/20 is divided by 6?
4
Let d = -5 - -8. Let z(s) = 2*s**3 - 3*s**2 + 2*s - 3. What is the remainder when z(d) is divided by 11?
8
Suppose -8 = 3*w - 4*w. Calculate the remainder when 16 is divided by 16/(-6)*(-18)/w.
4
Suppose -g + 65 = -44. What is the remainder when g is divided by 14?
11
Suppose g = -2*q + 37, 0*g = -3*q + g + 48. Calculate the remainder when 117 is divided by q.
15
Suppose -c + 52 = 5*i, 3*c - 31 + 5 = -2*i. What is the remainder when 18 is divided by i?
8
Let s(m) = 4*m**3 + m**2 - 2*m - 1. Let y(n) = 2*n**3 - n**2 + 2*n - 1. Let v be y(1). What is the remainder when s(v) is divided by 16?
15
Let a = -32 - -45. What is the remainder when 51 is divided by a?
12
Let r(q) = 10*q**3 - q**2 + 1. Let m be r(-1). Let c(y) = -y**2 - 11*y - 1. Let k be c(m). Let n = k + 0. What is the remainder when 34 is divided by n?
7
Suppose g + 4 = -4*v, 3*g + 0*v - 16 = 2*v. Calculate the remainder when 18 is divided by g.
2
Let x(u) = 27*u**2 - 4*u + 3. Let c be x(2). Suppose -16 = 3*p - c. Let z = 7 + 3. What is the remainder when p is divided by z?
9
Suppose 3*w - 82 = -2*x, 87 + 53 = 3*x - 4*w. What is the remainder when x is divided by 9?
8
Suppose -3*a + 74 = -22. What is the remainder when a is divided by 12?
8
Let t(r) = 7*r - 8. Let l be 2*-1 - (-27 - 4). Suppose 2*u + 1 - l = 0. Calculate the remainder when t(7) is divided by u.
13
Suppose -5*t + i = -0*i - 144, 0 = t - 4*i - 44. Let l be (-2)/(0 + 4/60). Let w = -15 - l. What is the remainder when t is divided by w?
13
Let z(f) = -2*f**3 + 2*f**2 + 3*f. Calculate the remainder when 50 is divided by z(-2).
14
Let f = 1 + 1. Let b = 0 + f. Suppose -16 = b*j - 6*j. Calculate the remainder when 10 is divided by j.
2
Let x be (2 + (-4)/3)*6. Suppose x*o - 4 - 12 = 0. Suppose q = o*q - 18. Calculate the remainder when 17 is divided by q.
5
What is the remainder when 59 is divided by (-51)/(-4) - 9/(-36)?
7
Let s(q) = -4*q + 4. Let b be s(4). Let a = 26 + b. Calculate the remainder when 25 is divided by a.
11
Let b(z) = z**2 + z - 1. Let q be b(0). Let a = 23 + q. Calculate the remainder when 42 is divided by a.
20
Let l = 12 + -7. Let q be 50/2*4/l. Suppose -q = 4*f, -h + 4*f + 96 = 3*h. Calculate the remainder when 37 is divided by h.
18
Let s(y) = -y**3 - 5*y**2 + 5. Let z be s(-5). Suppose 0 = o - 5, -z*v - o + 63 = 8. Suppose 2*m - 14 = v. What is the remainder when 23 is divided by m?
11
Let i(g) = -7*g**3 - g**2 - 2*g - 1. Let m be (-2 + 2 - 2) + -1. Calculate the remainder when i(-1) is divided by (2/(-5))/(m/30).
3
Suppose 21 = 6*q + 3. Calculate the remainder when 6 is divided by q.
0
Suppose 5*l - 1 = 19, -2*y = 2*l. Let v = y + 20. Suppose 4*u + i = 119, i = 3 - 4. Calculate the remainder when u is divided by v.
14
Suppose -x + 7 = -6. Let z be 124/3 + 4/6. Let d = z + -18. Calculate the remainder when d is divided by x.
11
Suppose 0 = 3*v - 2 - 7. Suppose -u = -v - 6. What is the remainder when 24 is divided by u?
6
Suppose -3*c + 9 = -81. Suppose 0 = -3*l + 69 + c. Calculate the remainder when l is divided by 9.
6
Suppose 5*b - 3*v = -6, 0 = b - 2*v - 0*v + 4. Suppose 0*l + 2*l + 28 = b. What is the remainder when 22 is divided by -1 + (-2)/(4/l)?
4
Suppose -3*z + 7*z + 56 = 0. Let t(u) = -u**3 - 14*u**2 - 2*u + 5. What is the remainder when t(z) is divided by 7?
5
Suppose 3